{"id":4928,"date":"2020-08-26T18:03:24","date_gmt":"2020-08-26T16:03:24","guid":{"rendered":"https:\/\/www.audecarbone.com\/boutique\/?post_type=product&#038;p=4928"},"modified":"2024-11-29T17:52:01","modified_gmt":"2024-11-29T16:52:01","slug":"albert-linogravure","status":"publish","type":"product","link":"https:\/\/www.audecarbone.com\/boutique\/produit\/albert-linogravure\/","title":{"rendered":"Albert &#8211; linogravure"},"content":{"rendered":"<p><strong>Titre :<\/strong> Albert<em><br \/>\n<\/em><strong>Format :<\/strong> 12x16cm \/ papier Arches blanc 250gr<br \/>\n<strong>Technique :<\/strong> Linogravure &#8211; 21 exemplaires num\u00e9rot\u00e9s et sign\u00e9s &#8211; 2020<\/p>\n<p><em>Envoi suivi \u2013 colis soign\u00e9<\/em><\/p>\n<p><em>Tracked shipping \u2013 packaged with care<\/em><\/p>\n","protected":false},"excerpt":{"rendered":"<p><strong>Format :<\/strong> 12x16cm \/ papier Arches blanc 250gr<br \/>\n<strong>Technique :<\/strong> Linogravure &#8211; 21 exemplaires num\u00e9rot\u00e9s et sign\u00e9s &#8211; 2020<\/p>\n","protected":false},"featured_media":26667,"template":"","meta":[],"product_brand":[],"product_cat":[226,137],"product_tag":[108,22,23,24,39,134,115,43,30,123,33,138,135,136,77,116],"class_list":{"0":"post-4928","1":"product","2":"type-product","3":"status-publish","4":"has-post-thumbnail","6":"product_cat-editions-editions","7":"product_cat-linogravures-linocuts","8":"product_tag-anatomie","9":"product_tag-art","10":"product_tag-artiste","11":"product_tag-artwork","12":"product_tag-audecarbone","13":"product_tag-bodymod","14":"product_tag-darkart","15":"product_tag-etrange","16":"product_tag-graphisme","17":"product_tag-humour","18":"product_tag-illustration","19":"product_tag-linogravure","20":"product_tag-piercing","21":"product_tag-politic","22":"product_tag-sexe","23":"product_tag-weirdart","24":"product_shipping_class-petites-affiches-gravures","26":"first","27":"instock","28":"shipping-taxable","29":"purchasable","30":"product-type-simple"},"_links":{"self":[{"href":"https:\/\/www.audecarbone.com\/boutique\/wp-json\/wp\/v2\/product\/4928","targetHints":{"allow":["GET"]}}],"collection":[{"href":"https:\/\/www.audecarbone.com\/boutique\/wp-json\/wp\/v2\/product"}],"about":[{"href":"https:\/\/www.audecarbone.com\/boutique\/wp-json\/wp\/v2\/types\/product"}],"wp:featuredmedia":[{"embeddable":true,"href":"https:\/\/www.audecarbone.com\/boutique\/wp-json\/wp\/v2\/media\/26667"}],"wp:attachment":[{"href":"https:\/\/www.audecarbone.com\/boutique\/wp-json\/wp\/v2\/media?parent=4928"}],"wp:term":[{"taxonomy":"product_brand","embeddable":true,"href":"https:\/\/www.audecarbone.com\/boutique\/wp-json\/wp\/v2\/product_brand?post=4928"},{"taxonomy":"product_cat","embeddable":true,"href":"https:\/\/www.audecarbone.com\/boutique\/wp-json\/wp\/v2\/product_cat?post=4928"},{"taxonomy":"product_tag","embeddable":true,"href":"https:\/\/www.audecarbone.com\/boutique\/wp-json\/wp\/v2\/product_tag?post=4928"}],"curies":[{"name":"wp","href":"https:\/\/api.w.org\/{rel}","templated":true}]}}