{"id":347,"date":"2019-02-07T12:57:03","date_gmt":"2019-02-07T11:57:03","guid":{"rendered":"https:\/\/www.audecarbone.com\/boutique\/produit\/import-placeholder-for-3161\/"},"modified":"2023-08-12T20:02:07","modified_gmt":"2023-08-12T18:02:07","slug":"toxic-trip","status":"publish","type":"product","link":"https:\/\/www.audecarbone.com\/boutique\/produit\/toxic-trip\/","title":{"rendered":"Toxic Trip &#8211; s\u00e9rigraphie"},"content":{"rendered":"<p><span style=\"color: #000000;\"><strong>Titre :<\/strong><b> Toxic Trip<\/b><\/span><\/p>\n<p><span style=\"color: #000000;\"><u>Pr\u00e9sentation :<\/u><\/span><br \/>\n<i><br \/>\n<\/i><em><span style=\"color: #808080;\">\u00ab\u00a0M\u00e9lange vulgaire. De tout. Clair Obscur. Stroboscopique. Et du sexe<\/span><\/em><br \/>\n<em><span style=\"color: #808080;\">Le Frottement des corps. L&rsquo;\u00e9chauffement des nerfs.<\/span><\/em><br \/>\n<em><span style=\"color: #808080;\">Addictions br\u00fblantes. Pulsions p\u00e9n\u00e9trantes. Ravage animal.<\/span><\/em><br \/>\n<em><span style=\"color: #808080;\">Oublier tout. Se souvenir de rien.\u00a0\u00bb<\/span><\/em><\/p>\n<p><span style=\"color: #999999;\"><em>\u00ab\u00a0Vulgar mix. Of all. Light. Dark. Stroboscopic. And some sex.<\/em><\/span><br \/>\n<span style=\"color: #999999;\"><em>Bodies friction. Nerves heating.<\/em><\/span><br \/>\n<span style=\"color: #999999;\"><em>Burning addictions. Penetrating impulses. Animal mayhem.<\/em><\/span><br \/>\n<span style=\"color: #999999;\"><em>Forgetting everything. Remembering nothing.\u00a0\u00bb<\/em><\/span><\/p>\n<p><span style=\"color: #000000;\"><u>Infos techniques :<\/u><\/span><\/p>\n<p><span style=\"color: #808080;\">Affiche s\u00e9rigraphi\u00e9e 6 couleurs, 50x70cm,<\/span><br \/>\n<span style=\"color: #808080;\">sur papier Fedrigoni Freelife Vellum 260gr<\/span><br \/>\n<span style=\"color: #808080;\">38 exemplaires sign\u00e9s et num\u00e9rot\u00e9s,<\/span><br \/>\n<span style=\"color: #808080;\">\u00e9dition EpOx et BoTOx, Atelier Metemphase, f\u00e9vrier 2019.<\/span><\/p>\n<p><span style=\"color: #999999;\">Silkscreen printed posters, 6 coulours, 50x70cm,<\/span><br \/>\n<span style=\"color: #999999;\">on Fedrigoni Freelife Vellum 260gr paper,<\/span><br \/>\n<span style=\"color: #999999;\">38 copies, numbered and signed<\/span><br \/>\n<span style=\"color: #999999;\">EpOx et BoTOx edition, Metemphase workshop, February 2019.<\/span><\/p>\n","protected":false},"excerpt":{"rendered":"<p><em>\u00ab\u00a0M\u00e9lange vulgaire. De tout. Clair Obscur. Stroboscopique. Et du sexe<\/em><br \/>\n<em>Le Frottement des corps. L&rsquo;\u00e9chauffement des nerfs.<\/em><br \/>\n<em>Addictions br\u00fblantes. Pulsions p\u00e9n\u00e9trantes. Ravage animal.<\/em><br \/>\n<em>Oublier tout. Se souvenir de rien.\u00a0\u00bb<\/em><\/p>\n","protected":false},"featured_media":25999,"template":"","meta":[],"product_brand":[],"product_cat":[47,226],"product_tag":[48,38,22,23,24,39,40,41,28,42,43,30,33,34,44,50,35,77],"class_list":{"0":"post-347","1":"product","2":"type-product","3":"status-publish","4":"has-post-thumbnail","6":"product_cat-affiches-posters","7":"product_cat-editions-editions","8":"product_tag-affiche","9":"product_tag-alternatif","10":"product_tag-art","11":"product_tag-artiste","12":"product_tag-artwork","13":"product_tag-audecarbone","14":"product_tag-autoedition","15":"product_tag-bizarre","16":"product_tag-dessin","17":"product_tag-estampe","18":"product_tag-etrange","19":"product_tag-graphisme","20":"product_tag-illustration","21":"product_tag-microedition","22":"product_tag-monstre","23":"product_tag-poster","24":"product_tag-serigraphie","25":"product_tag-sexe","26":"product_shipping_class-affiches","28":"first","29":"instock","30":"purchasable","31":"product-type-simple"},"_links":{"self":[{"href":"https:\/\/www.audecarbone.com\/boutique\/wp-json\/wp\/v2\/product\/347","targetHints":{"allow":["GET"]}}],"collection":[{"href":"https:\/\/www.audecarbone.com\/boutique\/wp-json\/wp\/v2\/product"}],"about":[{"href":"https:\/\/www.audecarbone.com\/boutique\/wp-json\/wp\/v2\/types\/product"}],"wp:featuredmedia":[{"embeddable":true,"href":"https:\/\/www.audecarbone.com\/boutique\/wp-json\/wp\/v2\/media\/25999"}],"wp:attachment":[{"href":"https:\/\/www.audecarbone.com\/boutique\/wp-json\/wp\/v2\/media?parent=347"}],"wp:term":[{"taxonomy":"product_brand","embeddable":true,"href":"https:\/\/www.audecarbone.com\/boutique\/wp-json\/wp\/v2\/product_brand?post=347"},{"taxonomy":"product_cat","embeddable":true,"href":"https:\/\/www.audecarbone.com\/boutique\/wp-json\/wp\/v2\/product_cat?post=347"},{"taxonomy":"product_tag","embeddable":true,"href":"https:\/\/www.audecarbone.com\/boutique\/wp-json\/wp\/v2\/product_tag?post=347"}],"curies":[{"name":"wp","href":"https:\/\/api.w.org\/{rel}","templated":true}]}}