{"id":26298,"date":"2024-02-25T14:35:26","date_gmt":"2024-02-25T13:35:26","guid":{"rendered":"https:\/\/www.audecarbone.com\/boutique\/?post_type=product&#038;p=26298"},"modified":"2024-02-29T22:02:00","modified_gmt":"2024-02-29T21:02:00","slug":"le-bapteme-serigraphie","status":"publish","type":"product","link":"https:\/\/www.audecarbone.com\/boutique\/produit\/le-bapteme-serigraphie\/","title":{"rendered":"Le Bapt\u00eame &#8211; s\u00e9rigraphie"},"content":{"rendered":"<p><span style=\"color: #000000;\"><strong>Titre :<\/strong><b> Le Bapt\u00eame<br \/>\n<\/b><\/span><\/p>\n<p><span style=\"color: #000000;\"><u>Pr\u00e9sentation :<\/u><\/span><\/p>\n<p><em>Visions multiples comme autant de personnalit\u00e9s.<br \/>\nImmersion et noyade.<br \/>\n<\/em><\/p>\n<p><span style=\"color: #999999;\"><em>Multiple visions like multiple personalities.<br \/>\nImmersion and drowning.<\/em><\/span><\/p>\n<p><span style=\"color: #000000;\"><u>Infos techniques :<\/u><\/span><\/p>\n<p><span style=\"color: #808080;\">Affiche s\u00e9rigraphi\u00e9e 2 couleurs, 50x50cm,<\/span><br \/>\n<span style=\"color: #808080;\">sur papier Fedrigoni Sirio Black 290gr<\/span><br \/>\n<span style=\"color: #808080;\">12 exemplaires sign\u00e9s et num\u00e9rot\u00e9s,<\/span><br \/>\n<span style=\"color: #808080;\">impressions Atelier Metemphase, novembre 2023.<\/span><\/p>\n<p><span style=\"color: #999999;\">Silkscreen printed posters, 2 coulours, 50x50cm,<\/span><br \/>\n<span style=\"color: #999999;\">on Fedrigoni Sirio Black 290gr paper,<\/span><br \/>\n<span style=\"color: #999999;\">12<\/span><span style=\"color: #999999;\"> copies, numbered and signed,<\/span><br \/>\n<span style=\"color: #999999;\">printings at Metemphase workshop, November 2023.<\/span><\/p>\n","protected":false},"excerpt":{"rendered":"<p><em>Visions multiples comme autant de personnalit\u00e9s.<br \/>\nImmersion et noyade.<\/em><\/p>\n","protected":false},"featured_media":26287,"template":"","meta":[],"product_brand":[],"product_cat":[47,226],"product_tag":[48,38,22,23,24,39,40,347,41,115,28,42,43,30,304,33,299,34,44,301,166,50,94,300,35,118,303,116],"class_list":{"0":"post-26298","1":"product","2":"type-product","3":"status-publish","4":"has-post-thumbnail","6":"product_cat-affiches-posters","7":"product_cat-editions-editions","8":"product_tag-affiche","9":"product_tag-alternatif","10":"product_tag-art","11":"product_tag-artiste","12":"product_tag-artwork","13":"product_tag-audecarbone","14":"product_tag-autoedition","15":"product_tag-bapteme","16":"product_tag-bizarre","17":"product_tag-darkart","18":"product_tag-dessin","19":"product_tag-estampe","20":"product_tag-etrange","21":"product_tag-graphisme","22":"product_tag-hallucination","23":"product_tag-illustration","24":"product_tag-immersion","25":"product_tag-microedition","26":"product_tag-monstre","27":"product_tag-photographie","28":"product_tag-pieuvre","29":"product_tag-poster","30":"product_tag-psychedelique","31":"product_tag-sculpture","32":"product_tag-serigraphie","33":"product_tag-sixyeux","34":"product_tag-vision","35":"product_tag-weirdart","36":"product_shipping_class-affiches","38":"first","39":"instock","40":"purchasable","41":"product-type-simple"},"_links":{"self":[{"href":"https:\/\/www.audecarbone.com\/boutique\/wp-json\/wp\/v2\/product\/26298","targetHints":{"allow":["GET"]}}],"collection":[{"href":"https:\/\/www.audecarbone.com\/boutique\/wp-json\/wp\/v2\/product"}],"about":[{"href":"https:\/\/www.audecarbone.com\/boutique\/wp-json\/wp\/v2\/types\/product"}],"wp:featuredmedia":[{"embeddable":true,"href":"https:\/\/www.audecarbone.com\/boutique\/wp-json\/wp\/v2\/media\/26287"}],"wp:attachment":[{"href":"https:\/\/www.audecarbone.com\/boutique\/wp-json\/wp\/v2\/media?parent=26298"}],"wp:term":[{"taxonomy":"product_brand","embeddable":true,"href":"https:\/\/www.audecarbone.com\/boutique\/wp-json\/wp\/v2\/product_brand?post=26298"},{"taxonomy":"product_cat","embeddable":true,"href":"https:\/\/www.audecarbone.com\/boutique\/wp-json\/wp\/v2\/product_cat?post=26298"},{"taxonomy":"product_tag","embeddable":true,"href":"https:\/\/www.audecarbone.com\/boutique\/wp-json\/wp\/v2\/product_tag?post=26298"}],"curies":[{"name":"wp","href":"https:\/\/api.w.org\/{rel}","templated":true}]}}