{"id":26213,"date":"2015-05-07T11:42:13","date_gmt":"2015-05-07T09:42:13","guid":{"rendered":"https:\/\/www.audecarbone.com\/boutique\/?post_type=product&#038;p=26213"},"modified":"2023-12-14T11:50:54","modified_gmt":"2023-12-14T10:50:54","slug":"cadavre-sauvage-leporello-serigraphie","status":"publish","type":"product","link":"https:\/\/www.audecarbone.com\/boutique\/produit\/cadavre-sauvage-leporello-serigraphie\/","title":{"rendered":"Cadavre Sauvage &#8211; Leporello s\u00e9rigraphi\u00e9"},"content":{"rendered":"<p><span style=\"color: #000000;\"><strong>Titre :<\/strong><b> Cadavre Sauvage<br \/>\n<\/b><\/span><\/p>\n<p><span style=\"color: #000000;\"><u>Pr\u00e9sentation :<\/u><\/span><\/p>\n<p><em>Cadavre exquis en solitaire, o\u00f9 chaque partie du tout est \u00e0 la fois autonome et compl\u00e9mentaire.<br \/>\nQui dit cadavre dit squelette, squelettes dansants et sauvages, humour d\u00e9cal\u00e9 et absurde au programme.<\/em><\/p>\n<p><span style=\"color: #999999;\"><em>Single-handed exquisite corpse, in which every part of the whole thing is autonomous and complementary at the same.<br \/>\nWho says corpse says skeleton, dancing and savage skeletons, offbeat and absurd humour on the program.<\/em><br \/>\n<\/span><\/p>\n<p><span style=\"color: #000000;\"><u>Infos techniques :<\/u><\/span><\/p>\n<p><span style=\"color: #808080;\">Livre accord\u00e9on 11x70cm,<br \/>\nenti\u00e8rement s\u00e9rigraphi\u00e9 2 + 2 couleurs en d\u00e9grad\u00e9 (recto \/ verso),<br \/>\nsur Bristol \u00e9pais semi-glac\u00e9<br \/>\n120 exemplaires, \u00e9dition Le Cagibi, septembre 2015<\/span><\/p>\n<p><span style=\"color: #999999;\">Accordeon book, 11x70cm,<br \/>\nentirely silkscreen printed, 2 colour gradients each side,<br \/>\non thick Bristol-board semi-gloss<br \/>\n120 copies, \u00e9dition Le Cagibi, septembre 2015<\/span><\/p>\n","protected":false},"excerpt":{"rendered":"<p><em>Pot pourri de personnages \u00e9tranges, chim\u00e9riques ou monstrueux aux couleurs sans complexe.<br \/>\nCartes aux allures divinatoires, reposant pr\u00e9cieusement entre les mains du coffret.<\/em><\/p>\n","protected":false},"featured_media":26219,"template":"","meta":[],"product_brand":[],"product_cat":[226,19],"product_tag":[38,22,316,23,24,39,40,41,344,317,343,324,56,28,42,43,345,30,33,245,34,44,321,35,342,286],"class_list":{"0":"post-26213","1":"product","2":"type-product","3":"status-publish","4":"has-post-thumbnail","6":"product_cat-editions-editions","7":"product_cat-livres-books","8":"product_tag-alternatif","9":"product_tag-art","10":"product_tag-artbook","11":"product_tag-artiste","12":"product_tag-artwork","13":"product_tag-audecarbone","14":"product_tag-autoedition","15":"product_tag-bizarre","16":"product_tag-blackhumour","17":"product_tag-body","18":"product_tag-bones","19":"product_tag-cartes","20":"product_tag-coffret","21":"product_tag-dessin","22":"product_tag-estampe","23":"product_tag-etrange","24":"product_tag-funny","25":"product_tag-graphisme","26":"product_tag-illustration","27":"product_tag-leporello","28":"product_tag-microedition","29":"product_tag-monstre","30":"product_tag-mutant","31":"product_tag-serigraphie","32":"product_tag-skeleton","33":"product_tag-skull","34":"product_shipping_class-iconocrash3d","36":"first","37":"outofstock","38":"purchasable","39":"product-type-simple"},"_links":{"self":[{"href":"https:\/\/www.audecarbone.com\/boutique\/wp-json\/wp\/v2\/product\/26213","targetHints":{"allow":["GET"]}}],"collection":[{"href":"https:\/\/www.audecarbone.com\/boutique\/wp-json\/wp\/v2\/product"}],"about":[{"href":"https:\/\/www.audecarbone.com\/boutique\/wp-json\/wp\/v2\/types\/product"}],"wp:featuredmedia":[{"embeddable":true,"href":"https:\/\/www.audecarbone.com\/boutique\/wp-json\/wp\/v2\/media\/26219"}],"wp:attachment":[{"href":"https:\/\/www.audecarbone.com\/boutique\/wp-json\/wp\/v2\/media?parent=26213"}],"wp:term":[{"taxonomy":"product_brand","embeddable":true,"href":"https:\/\/www.audecarbone.com\/boutique\/wp-json\/wp\/v2\/product_brand?post=26213"},{"taxonomy":"product_cat","embeddable":true,"href":"https:\/\/www.audecarbone.com\/boutique\/wp-json\/wp\/v2\/product_cat?post=26213"},{"taxonomy":"product_tag","embeddable":true,"href":"https:\/\/www.audecarbone.com\/boutique\/wp-json\/wp\/v2\/product_tag?post=26213"}],"curies":[{"name":"wp","href":"https:\/\/api.w.org\/{rel}","templated":true}]}}