{"id":15102,"date":"2021-12-25T20:40:30","date_gmt":"2021-12-25T19:40:30","guid":{"rendered":"https:\/\/www.audecarbone.com\/boutique\/?post_type=product&#038;p=15102"},"modified":"2022-12-23T12:37:18","modified_gmt":"2022-12-23T11:37:18","slug":"trompe-loeil-serigraphie","status":"publish","type":"product","link":"https:\/\/www.audecarbone.com\/boutique\/produit\/trompe-loeil-serigraphie\/","title":{"rendered":"Trompe L&rsquo;OEil &#8211; s\u00e9rigraphie"},"content":{"rendered":"<p><span style=\"color: #000000;\"><strong>Titre :<\/strong><b> Trompe L&rsquo;OEil<br \/>\n<\/b><\/span><\/p>\n<p><span style=\"color: #000000;\"><u>Pr\u00e9sentation :<\/u><\/span><\/p>\n<p><em><span style=\"color: #808080;\">N\u00e9cropsie mystique comme un tour de passe-passe,<br \/>\nQui diss\u00e8que la crasse et enterre la science.<br \/>\nLes lobbys ont leur cosm\u00e9tique magique :<br \/>\nLa raison se dissipe dans un nuage de poudre blanche<br \/>\nSacrifice banalis\u00e9 de l\u2019animal inanim\u00e9.<\/span><\/em><\/p>\n<p>Au c\u0153ur [br\u00fblant] d&rsquo;une s\u00e9rie de 8 dessins,<br \/>\nqui en accompagnent 8 autres extraits des mains du talentueux Brulex,<br \/>\npour le projet collaboratif ZOOPSIE, ax\u00e9 autour des animaux et de leur exploitation, et paru en d\u00e9cembre 2021.<\/p>\n<p><em><span style=\"color: #999999;\">Mystic necropsy like some sleight of hand,<br \/>\nWhich dissects the filth and buries science.<br \/>\nLobbies have their magic cosmetic :<br \/>\nReason vanishes into a cloud of white powder<br \/>\nTrivialized sacrifice of the inanimate animal.<\/span><\/em><\/p>\n<p><span style=\"color: #000000;\"><u>Infos techniques :<\/u><\/span><\/p>\n<p><span style=\"color: #808080;\">Affiche s\u00e9rigraphi\u00e9e 3 couleurs, 35x46cm,<br \/>\nsur papier Fedrigoni Freelife Vellum 260gr<br \/>\n25 exemplaires num\u00e9rot\u00e9s et sign\u00e9s,<br \/>\n\u00e9dition EpOx et BoTOx, Atelier Metemphase, d\u00e9cembre 2021.<\/span><\/p>\n<p><span style=\"color: #999999;\">Silkscreen printed posters, 3 coulours, 35x46cm,<br \/>\non Fedrigoni Freelife Vellum 260gr paper,<br \/>\n25 numbered and signed copies,<br \/>\nEpOx et BoTOx edition, Metemphase workshop, December 2021.<\/span><\/p>\n","protected":false},"excerpt":{"rendered":"<p>Affiche s\u00e9rigraphi\u00e9e 3 couleurs, 35x46cm,<br \/>\nsur papier Fedrigoni Freelife Vellum 260gr<br \/>\n25 exemplaires num\u00e9rot\u00e9s et sign\u00e9s,<br \/>\n\u00e9dition EpOx et BoTOx, Atelier Metemphase, d\u00e9cembre 2021.<\/p>\n","protected":false},"featured_media":22511,"template":"","meta":[],"product_brand":[],"product_cat":[47,226],"product_tag":[48,38,151,224,22,23,24,39,40,41,254,115,28,146,42,43,30,33,252,34,44,255,50,253,35,77,197,159,116],"class_list":{"0":"post-15102","1":"product","2":"type-product","3":"status-publish","4":"has-post-thumbnail","6":"product_cat-affiches-posters","7":"product_cat-editions-editions","8":"product_tag-affiche","9":"product_tag-alternatif","10":"product_tag-animal","11":"product_tag-animalrights","12":"product_tag-art","13":"product_tag-artiste","14":"product_tag-artwork","15":"product_tag-audecarbone","16":"product_tag-autoedition","17":"product_tag-bizarre","18":"product_tag-circus","19":"product_tag-darkart","20":"product_tag-dessin","21":"product_tag-esoterisme","22":"product_tag-estampe","23":"product_tag-etrange","24":"product_tag-graphisme","25":"product_tag-illustration","26":"product_tag-magic","27":"product_tag-microedition","28":"product_tag-monstre","29":"product_tag-obscur","30":"product_tag-poster","31":"product_tag-science","32":"product_tag-serigraphie","33":"product_tag-sexe","34":"product_tag-torture","35":"product_tag-violence","36":"product_tag-weirdart","37":"product_shipping_class-affiche-et-gravures-moyennes","39":"first","40":"instock","41":"purchasable","42":"product-type-simple"},"_links":{"self":[{"href":"https:\/\/www.audecarbone.com\/boutique\/wp-json\/wp\/v2\/product\/15102","targetHints":{"allow":["GET"]}}],"collection":[{"href":"https:\/\/www.audecarbone.com\/boutique\/wp-json\/wp\/v2\/product"}],"about":[{"href":"https:\/\/www.audecarbone.com\/boutique\/wp-json\/wp\/v2\/types\/product"}],"wp:featuredmedia":[{"embeddable":true,"href":"https:\/\/www.audecarbone.com\/boutique\/wp-json\/wp\/v2\/media\/22511"}],"wp:attachment":[{"href":"https:\/\/www.audecarbone.com\/boutique\/wp-json\/wp\/v2\/media?parent=15102"}],"wp:term":[{"taxonomy":"product_brand","embeddable":true,"href":"https:\/\/www.audecarbone.com\/boutique\/wp-json\/wp\/v2\/product_brand?post=15102"},{"taxonomy":"product_cat","embeddable":true,"href":"https:\/\/www.audecarbone.com\/boutique\/wp-json\/wp\/v2\/product_cat?post=15102"},{"taxonomy":"product_tag","embeddable":true,"href":"https:\/\/www.audecarbone.com\/boutique\/wp-json\/wp\/v2\/product_tag?post=15102"}],"curies":[{"name":"wp","href":"https:\/\/api.w.org\/{rel}","templated":true}]}}